ivided by 13.
8
Let q(z) be the second derivative of z**4/6 - z**3/3 + 3*z**2/2 + 5*z. Suppose 0*o - 8 = -4*o. What is the remainder when 20 is divided by q(o)?
6
Let v be ((-3)/(-2) - 1)*4. Suppose -j + 85 = 3*f, 323 = 3*j + v*f + 40. Let y = j + -41. What is the remainder when y is divided by 19?
18
Let q(u) = u**2 + 3*u - 13. What is the remainder when 105 is divided by q(-8)?
24
Let f(b) = -b**3 - 2*b**2 + b - 4. Calculate the remainder when 14 is divided by f(-3).
0
Let m = -50 - -60. Suppose -5*c + 30 + 65 = 0. Calculate the remainder when c is divided by m.
9
Suppose 1 = k, -k - 4*k - 12 = -l. Calculate the remainder when 32 is divided by l.
15
Suppose 0 = -5*r - 15 + 65. Let t be -6*1*3/(-6). Suppose t*y + 0*m = -3*m + 114, y = 5*m + 44. Calculate the remainder when y is divided by r.
9
Let w(u) = u**2 - 7*u - 2. What is the remainder when w(9) is divided by 6?
4
Let w(i) be the second derivative of -i**4/12 + i**3 - 5*i. Calculate the remainder when 13 is divided by w(5).
3
Let b be 48/(-2) + -3 - -1. Let m = 37 + b. Calculate the remainder when 40 is divided by m.
7
Let h(i) = 4*i**2 - 2*i + 7. Calculate the remainder when 244 is divided by h(-3).
48
Let z be (-3)/9*6/2. Let a = 13 - z. What is the remainder when 40 is divided by a?
12
Let v(h) = -h**3 + 32*h**2 + 2*h - 26. What is the remainder when 150 is divided by v(32)?
36
Suppose 4*c - 98 = 50. Let j = -7 + c. Calculate the remainder when j is divided by 16.
14
Let t = 21 - 3. What is the remainder when 53 is divided by t?
17
Let n be 15/(-20) + (-267)/(-4). Calculate the remainder when (n/55)/(4/30) is divided by 3.
0
Suppose x + 3*b - 37 = -0*x, 15 = -3*b. Suppose -13 - 77 = -5*t. Calculate the remainder when x is divided by t.
16
Suppose 15 = 3*v - 0*v, 2*v = 4*s - 42. Calculate the remainder when ((-8)/6)/((-2)/36) is divided by s.
11
Suppose 0 = 5*y, -4*y - 9 = -x - 3*y. Calculate the remainder when 16 is divided by x.
7
Suppose -4*d = i, -4*d + 6 = i - 2*d. Let j = i - -2. Calculate the remainder when 40 is divided by j.
12
Suppose 2*m + 1 = -7. What is the remainder when (10/(-3))/(m/42) is divided by 12?
11
Let l = 12 + 10. Calculate the remainder when l is divided by 6.
4
Suppose 2*y - 25 = -3*p, -3 = p + 2*y - 10. What is the remainder when p is divided by 6?
3
Let n(t) = t**2 - 7*t - 1. Calculate the remainder when n(11) is divided by 15.
13
Calculate the remainder when (1 - 51)/((-4)/4) is divided by 17.
16
Let l(r) = 3*r + 26. Calculate the remainder when 11 is divided by l(-8).
1
Let b(k) = -179*k**2 + k - 1. Let o be b(1). What is the remainder when (-9)/(-36) - o/4 is divided by 16?
13
Suppose 0 = 4*k, -1 = -4*d + 2*k + 3. Suppose -4*v + 19 - 7 = 0. What is the remainder when v is divided by d?
0
Suppose 0 = g - 4, -2 = 3*v - 4*g - 46. What is the remainder when -9*(-8)/24 - -18*3 is divided by v?
17
Suppose 0 = 2*k + 10 - 4. Let v(o) be the first derivative of 4*o**3/3 + 3*o**2/2 - 4*o + 2. What is the remainder when v(k) is divided by 8?
7
Let q = 76 - 35. What is the remainder when q is divided by -1*(-12)/1 - -2?
13
Suppose 0 = q + q. Let h(l) = l**2 - l + 16. Let j = 17 + -8. Calculate the remainder when h(q) is divided by j.
7
Let c be ((-24)/(-20))/(6/(-20)). Suppose -p = 3*p - 44. Calculate the remainder when (11 + c)*3*1 is divided by p.
10
What is the remainder when (309/(-6))/((-4)/8) is divided by 27?
22
Suppose -3*u = 3*y - 6, 3*y + u + 0*u - 2 = 0. Suppose -5*f - 5 + 20 = y. Calculate the remainder when (-14)/4*2*-1 is divided by f.
1
Calculate the remainder when (-76)/(-8)*(6 + 0) is divided by (-42 - 3)*(-5)/15.
12
Let h(r) = 7*r + 52. What is the remainder when 10 is divided by h(-7)?
1
Suppose -z - 30 = 2*z - 4*p, z - 4*p = -18. Let t = z + 7. What is the remainder when 1 is divided by t?
0
Let v = 307 - 165. Calculate the remainder when v is divided by 36.
34
Let h(g) = -1. Let b(r) = -5*r + 4. Let y(k) = b(k) + 3*h(k). Let c(j) = 2*j**2 + 13*j - 20. Calculate the remainder when y(-1) is divided by c(-8).
2
Calculate the remainder when (-1)/(33/(-30) + 1) is divided by (-5)/10*21/6*-4.
3
Suppose -2*k - 141 = -5*k. Calculate the remainder when k is divided by 12.
11
Suppose 6 = s + a, -s - 2*a + 4*a + 18 = 0. Suppose 6*v = -1 + 223. What is the remainder when v is divided by s?
7
Suppose 4*r + 23 = y, 0 = 5*y - 2*y - r - 47. Calculate the remainder when 88 is divided by y.
13
Let i be (-1)/(2*(-4)/64). Let t(y) = 2*y - 6. What is the remainder when 18 is divided by t(i)?
8
Suppose -2*t + 252 = -3*n + 15, -4*n - 575 = -5*t. Calculate the remainder when t is divided by 29.
24
Suppose -o + 72 = -2*o. Let y = -51 - o. Let j = -1 + 12. What is the remainder when y is divided by j?
10
Let d = 26 - 16. Let l = -403 - -421. What is the remainder when l is divided by d?
8
Let i(x) = 2*x - 8. Let k = -11 - -18. What is the remainder when i(k) is divided by 3?
0
Let h(f) = -3*f**2 + 5*f - 4. Let c be h(4). Let a = -20 - c. Calculate the remainder when 45 is divided by a.
9
Suppose -4*j = -196 + 48. Let l = -10 - -30. What is the remainder when j is divided by l?
17
Suppose -33*g = -30*g + 45. Let p = -15 + -13. Let u = g - p. Calculate the remainder when u is divided by 5.
3
Suppose 4*o = -4*a + 44, -5*o - a + 39 = -0*a. Suppose -2*q = -o + 3. Suppose q*b - 2*z = 8, 3*z = z + 4. What is the remainder when 17 is divided by b?
5
Suppose 0*i = 3*i - 306. What is the remainder when i is divided by 15?
12
Let k = -36 + 42. What is the remainder when 23 is divided by k?
5
Suppose -6*m + 19*m = 104. What is the remainder when 37 is divided by m?
5
Let k(r) = 17*r + 8. Calculate the remainder when k(7) is divided by 32.
31
Suppose -2*i - 2*b = i - 45, 2*i - b - 37 = 0. Suppose 2*c + 2*c = 128. What is the remainder when c is divided by i?
15
Suppose 0 = -2*h + s + 44, -4*h + 64 = 3*s + s. Suppose 0*i - 3*i = 5*r - 26, -5*r + 5*i = -50. Calculate the remainder when h is divided by r.
6
Suppose 4*w - 45 = 47. Suppose -2 = -3*u - 2*x, 5*x = -2*u - 8 - 9. Let v = u + 40. Calculate the remainder when v is divided by w.
21
Suppose 42 = 3*n + 4*n. What is the remainder when 22 is divided by n?
4
Suppose -3*k - 2 - 1 = 0. Let r = k - -5. What is the remainder when 7 is divided by r?
3
Let u = 7 - -10. Calculate the remainder when 31 is divided by u.
14
Let f(g) = 4*g**2 + g + 2. Let r be f(-1). Suppose 3*y = t + 85, r*y - 112 = y + 2*t. What is the remainder when y is divided by 6?
5
Suppose 0 = 2*d - 4*d - i + 5, 0 = 5*d - 5*i + 25. Suppose -5*h + 10 = 2*y, 4*y - 3*h + d*h = 46. What is the remainder when 19 is divided by y?
9
Calculate the remainder when 21 is divided by 7*1*42/49.
3
Let r = 17 - 14. Let f = -12 + 18. Suppose 4*y - r*l = -f*l + 97, 0 = -4*y + 2*l + 82. Calculate the remainder when 64 is divided by y.
20
Let b = -77 - -225. What is the remainder when b is divided by 15?
13
Suppose 2*k + 6*s - 94 = 3*s, 2*k - 94 = 5*s. Let i = k + -22. Let f = -9 + 23. What is the remainder when i is divided by f?
11
Let a = -19 - -352. Let w = -228 + a. Calculate the remainder when w is divided by 27.
24
Let z = 9 - -15. Calculate the remainder when z is divided by 13.
11
Let x be 0/(-1)*1 + 2. Suppose o - 5*y = x*o - 18, 0 = o + y - 6. What is the remainder when 4 is divided by o?
1
Suppose 0*p + 2*h + 12 = 3*p, -2*h + 4 = p. Calculate the remainder when 6 is divided by p.
2
Let r(k) = k + 2. Calculate the remainder when 53 is divided by r(12).
11
Suppose 2*z + 0 = 4. Suppose -30 = -4*a + 38. What is the remainder when a is divided by (4 - 0)*z + 1?
8
Suppose z = 6*z + 305. What is the remainder when 11 is divided by z/(-9) + 4/18?
4
Let m(o) = 2*o**2 - 10*o + 2. What is the remainder when (-3)/(-2)*(-40)/(-12) is divided by m(5)?
1
Let y(s) = -2*s - 2. Let d be y(-4). Suppose 0 = -5*f + 2*x + 9, 3*f + d = f - 4*x. What is the remainder when 1/((-2)/(-5 + 3)) - -2 is divided by f?
0
Let j = 3 - 6. Let h(s) = 7*s - 4. Calculate the remainder when h(4) is divided by j/9 + 40/3.
11
Suppose -3*s + 4 + 32 = 0. Calculate the remainder when 46 is divided by s.
10
Let v(r) = -2*r**3 - r**2 - 2. Let y be v(-2). What is the remainder when (-118)/(-6) - y/15 is divided by 11?
8
Let p = 3 - 1. Suppose 22 = p*o + 10. Suppose 4*y = 4, -5*d + 5*y - 1 + o = 0. What is the remaind